 0 = -4*k + 4 - 0. What are the prime factors of (k - -6)/(6/18)?
3, 7
Let k = 13 + -9. Let h be (-6)/(k*2/(-12)). Suppose -7*l + h = -4*l. What are the prime factors of l?
3
Let i(r) = 2*r**3 - 7*r**2 - r - 5. Let u(g) = 5*g**3 - 14*g**2 - g - 11. Let o(a) = -7*i(a) + 3*u(a). What are the prime factors of o(-6)?
2, 7
Let r(k) = 7*k**2 + 10*k - 7. Let p(h) = 10*h**2 + 15*h - 10. Let o(q) = 5*p(q) - 7*r(q). Let i be o(-4). What are the prime factors of 2/i - 248/(-20)?
2, 3
Let q(l) = -4*l - 2. What are the prime factors of q(-3)?
2, 5
Suppose -2*s + 178 = 2*t, 0*s - 2*s + 270 = 3*t. List the prime factors of t.
2, 23
Suppose 3*k = -2*k. Suppose j + 2*j = k. Let g = 4 + j. List the prime factors of g.
2
Suppose -5*l + 3*l + 2*g = -6, -l + 9 = 2*g. Let b be 9/(-6)*(-10)/3. Suppose -6*d + 2*d - i + 18 = 0, -b*d = -l*i - 10. List the prime factors of d.
2
Suppose -282 = -2*y + c, 3*c - 5*c = 4*y - 548. List the prime factors of y.
139
Let o(g) = g**3 + 2*g**2 - 5*g - 11. List the prime factors of o(7).
5, 79
Suppose 0 = 18*d - 15*d - 294. List the prime factors of d.
2, 7
Let n = 26 + -16. Suppose 5*s - n = q, 1 + 4 = s. What are the prime factors of q?
3, 5
What are the prime factors of 33 - ((-6 - -3) + 1)?
5, 7
Let a = -29 + 68. Suppose -4*h - a - 15 = -2*s, -4*h + s - 55 = 0. Let l = -7 - h. List the prime factors of l.
7
Let i = 4 + -1. Suppose 3*v + i*p + 8 - 2 = 0, 0 = 2*v + 3*p + 8. List the prime factors of v.
2
Let n(t) = -t - 5. Let i be n(-5). Let f be 2 - (1 + -2 + i). Suppose -2*j - 18 = -f*j. List the prime factors of j.
2, 3
Suppose -50 = -4*j - 3*u + 130, u = 2*j - 100. List the prime factors of j.
2, 3
Suppose 2*l = -l - 3*t - 75, 0 = -3*l + 3*t - 45. Let s = 37 + l. What are the prime factors of s?
17
Let m(w) = 4*w**2 - 3*w + 3. Let b(x) = -x + 1. Let t(n) = -2*b(n) + m(n). Let c be t(1). List the prime factors of (1 - 3)*(-22)/c.
11
Let k be ((-14)/56)/(1/(-20)). Suppose 3*u = -k*n + 26, 0 = -5*u + n + 2*n - 2. What are the prime factors of u?
2
Let s = -2 + 4. Suppose s = -r, -2*q + 10*r - 5*r = -18. Let j(t) = t**3 - 2*t**2 - 5*t + 3. What are the prime factors of j(q)?
3, 5
Suppose 3*h + 0 - 17 = -5*u, 14 = 4*u + 2*h. List the prime factors of u.
2
Suppose -13 = -5*k - 4*m, -3*m + 1 + 0 = 2*k. Let l = -27 + 53. Suppose 0 = -k*t + 29 + l. List the prime factors of t.
11
Let f be 2 - 0/(6 + -3). Suppose -4 = -0*p + f*p. What are the prime factors of (p/(-6))/(1/12)?
2
Let k be ((-8)/(-12))/(2/60). Suppose -a - 4*a - k = -3*x, -12 = 3*a + 3*x. List the prime factors of (1 - (0 - a))*-6.
2, 3
Let a(g) = -g**3 - 7*g**2 - 7*g - 3. Let k be a(-6). Let f(u) = 2*u**2 - 2*u + 1. Let q be f(3). Suppose -17 = -k*h + q. List the prime factors of h.
2, 5
What are the prime factors of 8/(6/(-4)*3/(-36))?
2
Let w = 13 - 13. Suppose w = -2*i - 2*i + 64. List the prime factors of i.
2
Suppose -5*j + 5*a + 125 = 0, 0 = 4*j + 2*a + 78 - 208. What are the prime factors of j?
2, 3, 5
Let v(q) = q**3 - 5*q**2 - 8*q + 14. Let p be v(6). Suppose -77 = -3*c - 4*s, p*c - 4*s = 102 - 44. List the prime factors of c.
3
Let g be -3 - 2*(0 + 1). Let a = g - 1. What are the prime factors of (-16)/a - (-2)/6?
3
Let v be (35/(-28))/(2/(-8)). Suppose -v*l + 29 - 4 = 0. What are the prime factors of l?
5
Let u = 39 + -28. Let b = 42 - u. What are the prime factors of b?
31
Let g(m) = 15*m - 2. Let h(v) = 22*v - 3. Let f(t) = 7*g(t) - 5*h(t). What are the prime factors of f(-3)?
2
Suppose 2*y - 2*q - 90 = 0, -5*y + 88 = -3*q - 137. What are the prime factors of y?
3, 5
Let d(u) = 2*u + 1. Let x be d(1). Suppose 0 = 5*q + 3*g - 93, -2*g + 14 + 6 = q. Suppose -l + 2 = b, -5*b + 2*l = x*l - q. List the prime factors of b.
2
Let h(m) = -m**3 + 3*m**2 + 3*m - 4. Let s be h(3). Let w be (-2)/(-10) - (-324)/s. Suppose -4*i - 4*v = -60, -v = -4*i - 0*v + w. List the prime factors of i.
2
Suppose 0 = 6*s - 24 + 6. What are the prime factors of s?
3
Let f(u) = -96*u - 8. What are the prime factors of f(-2)?
2, 23
Suppose -2*o + 10 = 2*j, -2*o - 1 = -o - j. List the prime factors of o.
2
Suppose 0*z + 2 = 2*z + 2*c, 4*z + 3*c = 9. Suppose 19 + z = 5*j. What are the prime factors of j?
5
Suppose -2*o + 2*k = -66, 5*k + 223 = 4*o + 91. List the prime factors of o.
3, 11
Let d(h) = h**2 - 7*h - 1. Let k be d(5). Let a be (-2)/k - (-196)/11. Suppose 4*u + 4*x - 35 = x, -2*u - 2*x + a = 0. What are the prime factors of u?
2
Let u be (-24)/18*3/2. What are the prime factors of u/((-1)/(-3 - -27))?
2, 3
Let x = -20 - -10. List the prime factors of (-26)/(-10) + 6/x.
2
Let p(k) = -k. Let a be p(2). Let c be (0 + (-33)/2)*a. Suppose g + 4 = 0, g - c = -5*w + 18. What are the prime factors of w?
11
Let n(w) be the third derivative of -w**6/120 + 7*w**5/60 - 5*w**4/24 + w**3/3 + 2*w**2. Let k = -1 - -7. List the prime factors of n(k).
2
Suppose 34*h = 30*h + 160. List the prime factors of h.
2, 5
Let p(n) = 2*n + 4. Let l(m) = -7*m. Let o be l(-1). List the prime factors of p(o).
2, 3
Let j = -108 + 301. List the prime factors of j.
193
Let x(h) = -h**2 + 12*h - 15. Let l be 12/(-8)*(-40)/6. Let s be x(l). Suppose s*y = -d - 10, -3*d + 2*y - 5 = -4*d. What are the prime factors of d?
3, 5
Let m(z) = 4*z**2 + 3*z - 3. Let s(y) = 2*y**2 + y + 1. Let h be s(-1). What are the prime factors of m(h)?
19
Suppose 11*q - 9*q = 114. Let m = 81 - q. What are the prime factors of m?
2, 3
Suppose 3*k - 62 = 31. List the prime factors of (-4)/8*-4 + k.
3, 11
Let f(p) = 6*p**2 + 2*p - 1. Let j be f(1). Let q = -2 + j. Suppose q*a - 45 = b - 2*b, -5*a = -b - 35. List the prime factors of a.
2
Let u be (-52)/(-14) - (-4)/14. Let f be (-3)/(-1)*(-4)/(-1). Suppose -d - f = -u*d. What are the prime factors of d?
2
Let w = -1 - -5. Suppose -14 = -0*n + 4*n + 2*z, -3*z - 19 = 4*n. Let l = n + w. List the prime factors of l.
3
Let d = 7 + -13. Let t(n) = -2*n + 5. List the prime factors of t(d).
17
Suppose -11 = 3*i + 4*g, -4*g + 3*g - 19 = 4*i. What are the prime factors of (-136)/(-10) - (-3)/i?
13
What are the prime factors of 1/(-2)*(-5 - 193)?
3, 11
Let r = 22 + 77. What are the prime factors of r?
3, 11
Suppose -7*x = 3*x - 1390. What are the prime factors of x?
139
Let m = 4 + 0. Suppose -y + 12 = w, -4*y + 49 + m = 5*w. What are the prime factors of y?
7
What are the prime factors of (-4)/5 + (-1 - 968/(-10))?
5, 19
Let f(y) = y**2 - 3*y. What are the prime factors of f(4)?
2
Let x be (3/3)/(2/10). Suppose 0 = 5*r + x*d - 155, d - 37 = -2*r + 22. List the prime factors of r.
2, 7
Let o be (-1)/(-4) - 145/20. Let p(j) = -j**3 - 5*j**2 + 7*j - 9. List the prime factors of p(o).
2, 5
Let x be 8/(-16) - (-2)/4. Suppose 4*i - 3*i = 4*g + 1, x = i - 3*g - 5. What are the prime factors of i?
17
Suppose -d = -k + 4*d + 146, -4*k - 4*d = -704. What are the prime factors of k?
3, 19
What are the prime factors of (-3 - (-8 + 4))*43?
43
Suppose 4*k = 5*x - 8, k + k = 4*x - 10. Let u(y) = y**3 - 2*y**2 - 4*y + 6. List the prime factors of u(x).
2, 11
Suppose -z - 4*z + 185 = -v, -4*v = -4*z + 148. List the prime factors of z.
37
Suppose 2 = 2*m - 2. Let q be (24/(-20))/(4/(-10)). Suppose 8 - m = q*w. List the prime factors of w.
2
Let m = 151 - 48. Suppose -5*g = 5*x - 160, -3*g = -6*g + 4*x + m. What are the prime factors of g?
3, 11
Let n(q) = -q**3 - 8*q**2 - 2*q - 8. Let h be n(-8). Suppose 2*t + 0*t + h = 0, 0 = -b + t + 40. List the prime factors of b.
2, 3
Let v = -17 - -28. Let d = v - 4. List the prime factors of d.
7
Suppose o + 0*o = 0. Suppose 2*c - 32 + 2 = o. List the prime factors of c.
3, 5
Let l(i) = -2*i**2 - 4*i - 2. Let d be l(-2). What are the prime factors of (1/d)/(6/(-228))?
19
Suppose 4*d - 224 = 3*f, 5*d + 0*d - 299 = -f. Let p = d - 22. List the prime factors of p.
37
Suppose 0 = 4*j + 3*h - 201 - 476, 5*j + 4*h = 845. List the prime factors of j.
173
Suppose -165 = -5*j - 5. What are the prime factors of j?
2
Suppose 6 = -2*f, -23 = -4*o - f + 6*f. Suppose z + 12 = o*z - w, -4*w = -z. List the prime factors of z.
2
Let o = 12 - 14. Let z = o + 9. What are the prime factors of z?
7
Let c be -2*(2 - (-6)/(-4)). List the prime factors of 1 - c - (2 + -9).
3
What are the prime factors of (-440)/(-2) - (-1)/1*1?
13, 17
Suppose -2*z + 180 = 3*z. Let x be (-4)/(z/21)*-3. Let b = x - 